t is the greatest common factor of 141336 and 36?
36
What is the greatest common factor of 220 and 352?
44
Calculate the highest common factor of 5 and 4.
1
Calculate the greatest common divisor of 33 and 5016.
33
What is the greatest common divisor of 10648 and 8?
8
Calculate the greatest common divisor of 330 and 220.
110
Calculate the highest common factor of 22 and 440.
22
What is the greatest common factor of 1998 and 222?
222
What is the greatest common factor of 1335 and 30?
15
What is the highest common factor of 330 and 5500?
110
Calculate the highest common divisor of 172 and 1462.
86
Calculate the highest common divisor of 27 and 333.
9
What is the greatest common divisor of 1258 and 851?
37
Calculate the highest common factor of 47 and 987.
47
What is the greatest common divisor of 60 and 132?
12
Calculate the highest common factor of 288 and 4464.
144
Calculate the greatest common factor of 798 and 152.
38
What is the greatest common factor of 8411 and 13?
13
What is the greatest common factor of 69 and 12075?
69
Calculate the greatest common factor of 946 and 688.
86
What is the highest common divisor of 7 and 2345?
7
Calculate the highest common factor of 962 and 26.
26
What is the highest common factor of 14 and 8?
2
What is the greatest common factor of 159 and 53?
53
Calculate the highest common factor of 4158 and 18.
18
Calculate the highest common divisor of 84 and 231.
21
Calculate the greatest common factor of 32 and 41728.
32
Calculate the highest common factor of 906 and 24.
6
Calculate the greatest common divisor of 180 and 8244.
36
What is the highest common factor of 976 and 64?
16
Calculate the greatest common divisor of 186 and 18.
6
What is the highest common factor of 567 and 7?
7
What is the highest common factor of 234 and 6?
6
Calculate the highest common factor of 95 and 1045.
95
Calculate the greatest common factor of 40 and 8.
8
Calculate the greatest common factor of 1864 and 16.
8
What is the greatest common factor of 2354 and 4066?
214
What is the highest common factor of 5 and 100?
5
Calculate the greatest common divisor of 3 and 28227.
3
Calculate the highest common divisor of 256 and 5248.
128
Calculate the greatest common factor of 17100 and 228.
228
What is the highest common factor of 108 and 162?
54
Calculate the highest common factor of 25 and 10.
5
What is the highest common factor of 4 and 9?
1
Calculate the greatest common divisor of 28796 and 92.
92
What is the highest common factor of 213 and 6?
3
What is the greatest common factor of 6034 and 98?
14
Calculate the greatest common divisor of 1525 and 671.
61
What is the highest common divisor of 338 and 208?
26
Calculate the highest common factor of 462 and 330.
66
Calculate the greatest common factor of 1204 and 26187.
301
What is the greatest common factor of 5 and 155?
5
What is the greatest common divisor of 1411 and 166?
83
What is the highest common divisor of 55 and 605?
55
Calculate the greatest common factor of 357 and 2023.
119
What is the highest common factor of 69 and 483?
69
Calculate the highest common factor of 782 and 23.
23
Calculate the highest common factor of 714 and 154.
14
What is the highest common factor of 4741 and 22?
11
Calculate the greatest common factor of 2884 and 28.
28
Calculate the greatest common divisor of 1377 and 54.
27
What is the greatest common divisor of 851 and 111?
37
What is the greatest common divisor of 78 and 3328?
26
Calculate the greatest common factor of 48 and 32.
16
Calculate the highest common divisor of 128 and 6848.
64
What is the highest common divisor of 2451 and 399?
57
What is the greatest common factor of 245 and 5?
5
Calculate the greatest common divisor of 30 and 18435.
15
What is the highest common factor of 165 and 45?
15
Calculate the greatest common divisor of 324 and 1728.
108
Calculate the greatest common divisor of 138 and 322.
46
Calculate the greatest common factor of 52 and 988.
52
Calculate the greatest common factor of 308 and 132.
44
Calculate the greatest common factor of 500 and 20.
20
What is the greatest common divisor of 27 and 513?
27
Calculate the highest common divisor of 228 and 432.
12
What is the greatest common factor of 22 and 1342?
22
Calculate the highest common divisor of 269 and 45192.
269
Calculate the greatest common factor of 11611 and 17.
17
What is the greatest common factor of 9 and 16515?
9
What is the greatest common divisor of 71 and 2627?
71
What is the greatest common factor of 81 and 225?
9
What is the highest common factor of 146 and 4453?
73
Calculate the greatest common divisor of 147 and 21.
21
Calculate the greatest common divisor of 624 and 32.
16
What is the highest common divisor of 2 and 862?
2
Calculate the highest common divisor of 825 and 6225.
75
What is the greatest common factor of 275 and 4895?
55
Calculate the greatest common factor of 594 and 126.
18
What is the highest common factor of 12110 and 70?
70
What is the highest common factor of 1624 and 28?
28
What is the highest common divisor of 532 and 28?
28
What is the highest common divisor of 24 and 27616?
8
Calculate the highest common factor of 333 and 14652.
333
What is the highest common divisor of 792 and 6424?
88
Calculate the greatest common factor of 33 and 187.
11
What is the highest common factor of 2 and 163?
1
What is the highest common divisor of 430 and 10?
10
Calculate the greatest common factor of 37 and 629.
37
What is the greatest common divisor of 222 and 18?
6
What is the greatest common divisor of 198 and 462?
66
Calculate the highest common factor of 203 and 126.
7
Calculate the highest common divisor of 55 and 275.
55
Calculate the greatest common factor of 224 and 1036.
28
Calculate the greatest common factor of 60 and 30.
30
Calculate the greatest common divisor of 168 and 216.
24
What is the highest common divisor of 100 and 2180?
20
What is the greatest common divisor of 2850 and 90?
30
Calculate the highest common divisor of 72 and 1464.
24
What is the greatest common factor of 427 and 61?
61
Calculate the highest common factor of 1656 and 1472.
184
What is the highest common factor of 77 and 399?
7
Calculate the greatest common factor of 22568 and 124.
124
Calculate the highest common divisor of 91 and 49.
7
What is the highest common divisor of 40 and 1960?
40
Calculate the greatest common factor of 58 and 34.
2
What is the greatest common divisor of 130 and 65?
65
Calculate the greatest common divisor of 815 and 55.
5
What is the highest common factor of 99 and 18?
9
What is the highest common divisor of 40 and 2360?
40
What is the highest common factor of 38 and 665?
19
What is the highest common divisor of 27 and 47?
1
Calculate the greatest common factor of 52 and 72.
4
Calculate the highest common divisor of 1148 and 1886.
82
What is the highest common factor of 48 and 384?
48
Calculate the greatest common factor of 216 and 2520.
72
What is the highest common factor of 11 and 539?
11
Calculate the highest common factor of 300 and 180.
60
Calculate the greatest common divisor of 66 and 308.
22
What is the greatest common factor of 3569 and 83?
83
Calculate the highest common factor of 200 and 1760.
40
Calculate the greatest common divisor of 255 and 425.
85
Calculate the greatest common factor of 638 and 22.
22
Calculate the highest common factor of 324 and 90.
18
Calculate the greatest common divisor of 396 and 243.
9
What is the greatest common factor of 562 and 1?
1
Calculate the greatest common divisor of 415 and 6723.
83
What is the greatest common divisor of 7366 and 116?
58
Calculate the highest common divisor of 8168 and 8.
8
What is the highest common factor of 22 and 8338?
22
What is the highest common divisor of 229 and 22213?
229
Calculate the greatest common divisor of 215 and 74175.
215
What is the highest common factor of 210 and 315?
105
Calculate the highest common factor of 27 and 48.
3
Calculate the greatest common divisor of 70 and 4.
2
What is the greatest common factor of 30 and 162?
6
What is the highest common divisor of 1488 and 279?
93
Calculate the highest common divisor of 5 and 365.
5
What is the greatest common divisor of 146 and 949?
73
Calculate the greatest common factor of 1010 and 50.
10
Calculat